(-6)/((-6)/(-2))*-1. Let b(h) = h**3 + 14*h**2 - 7*h**2 + 6*h + 3 + x. List the prime factors of b(-6).
5
Suppose 0 = 3*v - 0*v - 5*w + 10, 0 = 4*v + 5*w - 10. Suppose 2*g = -v*g - 12. List the prime factors of (-22)/(3/(9/g)).
11
Suppose t + 24 - 6 = -4*w, 2*w + 104 = -3*t. Let v = -24 - t. What are the prime factors of v?
2, 7
Suppose r - 4 = 2*y, 4*r + 3*y + 4 = 9. Let p(b) = 13*b**2 + b. Let h be p(1). Suppose 20 = 5*c, q - c - h = -r*q. List the prime factors of q.
2, 3
Suppose -6*g + 20 = -5*g. Let p be (-1 - (1 - 5)) + 1 + -4. Suppose p*s = 5*s - g. List the prime factors of s.
2
Let q be ((-4)/(-6))/(5/15). Suppose q*h - 3*h = -8. List the prime factors of h.
2
Let s = 12 + -8. List the prime factors of s + (-3 + 2 - -1).
2
Suppose 0 = -5*a + a + 92. What are the prime factors of a?
23
Let b be -1 + -4*-1*2. Let m = -32 - -35. Suppose -4*h = -m*q + b*q - 48, -12 = -q + 4*h. List the prime factors of q.
2, 3
List the prime factors of ((-663)/34)/((-3)/16).
2, 13
Suppose -3*u + 5 = -49. Suppose 62 = 4*j - u. What are the prime factors of j?
2, 5
What are the prime factors of (306/(-24))/(((-5)/(-8))/(-5))?
2, 3, 17
Let r be 39/(-52)*8/(-3). List the prime factors of (4/(-5))/(r/(-25)).
2, 5
Let t be (66/(-15))/((-2)/(-10)). Let j = t + 41. What are the prime factors of j?
19
Suppose -2*g - 2 = u - 0*g, 3*u + 6 = -g. Let l(m) = -m**2 - 3*m + 1. List the prime factors of l(u).
3
Suppose 6*n + 696 = 8*n. List the prime factors of n.
2, 3, 29
Let a be (6/(-1))/(8/(-4)). Let f = a - 7. What are the prime factors of 0 + -3*(f + 2)?
2, 3
Let u(n) = -n**2 - 7*n + 2. Let s(i) = -i**2 + 1. Let h(f) = 2*s(f) - u(f). What are the prime factors of h(5)?
2, 5
Let d(a) = a. Let r be (-4)/18 + (-195)/(-27). List the prime factors of d(r).
7
Let a be (2 + 1)/((-2)/(-8)). Suppose 42 = -2*v + a. Let x = v + 26. What are the prime factors of x?
11
Let l(j) be the third derivative of -j**4/24 - j**3/6 + 2*j**2. What are the prime factors of l(-5)?
2
Let x(l) = 2*l - 10. Let a = 20 + -12. Let w be x(a). Suppose 5*m - w = 79. What are the prime factors of m?
17
Suppose -2*u - 3*c + 6 = c, 2*u = -5*c + 5. List the prime factors of (u - 6)*(-6 + 1).
5
Suppose -4*h + 32 = -88. List the prime factors of h.
2, 3, 5
Let d(u) = -u + 80. What are the prime factors of d(0)?
2, 5
Suppose -2*h - 3*h = 0. Suppose 5*m + 20 = 0, h*i + 2*i + 2*m = 20. List the prime factors of i.
2, 7
Let a(y) = y - 8. Let m be a(10). Let h be 0 + (1 - m) - -3. Suppose h*o + o = 6. What are the prime factors of o?
2
Let w(o) = -o**2 + 72. List the prime factors of w(0).
2, 3
Let v = -1 - -42. List the prime factors of v.
41
Suppose t - 4*t + 138 = 0. What are the prime factors of t?
2, 23
Let m be 6 - 0 - (-10 + 13). Suppose -m*k = -36 - 33. What are the prime factors of k?
23
Suppose -22 = 2*w + 4*u + 10, 3*w - 3*u + 57 = 0. What are the prime factors of w/6*2*-2?
2, 3
Let y(i) = -29*i + 3. Let b(o) = -14*o + 1. Let x(h) = 5*b(h) - 2*y(h). Let g be (-14)/21 + 2/(-6). What are the prime factors of x(g)?
11
Let q(b) = -b**3 - 5*b**2 - 5*b - 3. Let p be q(-3). Let u be 0 + 38 + p/3. Suppose -2*s - s = -u. What are the prime factors of s?
2, 3
Let r = 9 - 8. Let l(i) = 19*i**2 - i + 1. What are the prime factors of l(r)?
19
Suppose -6*z - 90 = -2*s - 4*z, 3*s = 5*z + 133. List the prime factors of s.
2, 23
Suppose 5*o + 51 = 8*o. List the prime factors of o.
17
Let t(p) = 11*p - 7. What are the prime factors of t(5)?
2, 3
Let d(l) = 39*l + 39. What are the prime factors of d(4)?
3, 5, 13
Let v(m) = -m**3 - 18*m**2 + 17*m - 14. What are the prime factors of v(-19)?
2, 3
Let a be (1 - 1) + 1 + -1. Let j(r) = 3*r + 5. Let x be j(0). Suppose -x + a = -v. What are the prime factors of v?
5
Suppose 86 = l - 8*b + 3*b, 3*l = -4*b + 220. What are the prime factors of l?
2, 19
Let c = 2 + -5. List the prime factors of (-9)/(-2)*(-18)/c.
3
Suppose 4*v = -0*f + 5*f - 59, 0 = f + v - 10. What are the prime factors of f?
11
Suppose -7 = -g + 9. Let j = g - 10. What are the prime factors of j?
2, 3
Let z be 0 + (-3)/1 - -5. Suppose -v = z*n - 23, 3*v = -n - 1 + 5. List the prime factors of n.
13
Suppose z + 5*c = 3*c - 4, -4*z - 4*c - 16 = 0. Let t be 2/3 + z/(-3). Suppose a - 2 = t*a + 2*u, -2*a = -5*u - 23. What are the prime factors of a?
2
Suppose 0 = 4*a - 66 - 58. What are the prime factors of a?
31
Let u be (-33)/(-9) - 6/9. Suppose u*m + 0 = 6. List the prime factors of (11/(-2))/((-1)/m).
11
Let k(r) = -r - 6. Let u(t) = t + 7. Let g(x) = -4*k(x) - 3*u(x). Let f be g(0). What are the prime factors of -2 + f + 4*2?
3
Suppose 3*j + 5*o - 25 = 190, 5*j - 405 = o. Suppose -2*u = -4*s - 5 + 81, -4*u = -4*s + j. What are the prime factors of s?
2, 3
Let w be (-4)/6*(-165)/22. Suppose r + 5*s = 22, w*s - 1 = 2*r + 15. List the prime factors of r.
2
Suppose m = -0*c + 4*c + 6, -2*m + 12 = 3*c. Let g = m + 6. List the prime factors of g.
2, 3
Let j(i) = -2*i - 2. Let g be j(-3). Let y be ((-14)/g - 0)*2. Let n = 20 + y. List the prime factors of n.
13
Let y(l) = l**3 - 16*l**2 - 11*l + 37. List the prime factors of y(17).
139
Let q = -26 - -76. Suppose 4*s = 9*s. Suppose 3*c + 2*c - q = s. What are the prime factors of c?
2, 5
Let v(q) = 12*q**2 - 7*q + 16. List the prime factors of v(4).
2, 3, 5
Suppose 18 = o + 6. List the prime factors of o.
2, 3
Suppose 3*d = -3*g + 12, -d - 3*d - 2 = -5*g. Suppose -2*c + 4 = -d. List the prime factors of c.
3
Let a(h) = 3*h**2 + 8*h - 12. What are the prime factors of a(-11)?
263
Let g(t) = 3*t**2. Let m be g(1). What are the prime factors of (0 - (m - 11))/2?
2
Let u = -271 - -490. What are the prime factors of u?
3, 73
Let r = -1 - -3. Suppose 3*b + r*f = 54 + 13, -2*f = -3*b + 83. Suppose 4*j = -1 + b. List the prime factors of j.
2, 3
Let f be 4/22 + 128/22. Let l(d) = d**3 - 6*d**2 + d - 5. Let u be l(f). What are the prime factors of u*(6 - (1 + -1))?
2, 3
Let a(w) = w**3 - 16*w**2 - 11*w - 25. What are the prime factors of a(17)?
7, 11
Let y(p) = -p**2 + 5. Let k be y(0). Suppose 3*h + 10 = -a, 3*a + h + k = -3*h. Suppose 0 = -a*t - 11 + 121. What are the prime factors of t?
2, 11
Let n(m) = 19*m + 15. List the prime factors of n(2).
53
Let o = 1 + -6. Let w(l) = -l - 5. Let f be w(o). What are the prime factors of ((-22)/(-2))/(f + 1)?
11
What are the prime factors of 9/((-3)/(-4 + 1))?
3
Let o(k) = -k + 1. Let u(h) = h + 7. Let z be u(-8). Let c = z - 3. What are the prime factors of o(c)?
5
Let o(v) = v**2 - 6*v + 5. Suppose 4*d - l = 26, 2 - 24 = -2*d + 5*l. Let m be o(d). Suppose 2*a - m*a + 9 = 0, 2*b - 2*a - 12 = 0. List the prime factors of b.
3
Let q(f) = f**3 - 10*f**2 + 2*f + 14. Let u be q(10). Let b = u - 18. What are the prime factors of b?
2
Suppose 2*s - 242 = 2*o, -2*s + 7*o - 6*o + 241 = 0. List the prime factors of s.
2, 3, 5
Let u(k) = 174*k**2 + 1. What are the prime factors of u(1)?
5, 7
Let p(t) = -t + 8. Let b(o) = -6*o - 1. Let y be b(1). List the prime factors of p(y).
3, 5
Let t(l) = l**3 - 7*l**2 + 7*l + 7. Let f be t(7). Suppose -3*c + f = -4*k, 3*k + 0*k = -6. List the prime factors of c.
2
Suppose 0*i = 5*i - 220. Suppose p - i = -p - 3*m, -p + m + 17 = 0. What are the prime factors of p?
19
Suppose 0 = -3*t - 0*t + 2*q + 212, -5*q - 355 = -5*t. What are the prime factors of t?
2, 5, 7
Let z = 91 + -46. Let m = 74 - z. List the prime factors of m.
29
Let g = 621 + -374. What are the prime factors of g?
13, 19
Suppose 0 = 4*k - 0 - 8. Suppose -3*z - 2*z = -4*h - 5, 5*h = -k*z + 35. Suppose h*c - 47 = v, v = -c + 2 + 5. What are the prime factors of c?
3
Let t(z) = -122*z - 6. What are the prime factors of t(-1)?
2, 29
Suppose -564 = -3*u + 3*k, 2*u + 9*k = 4*k + 411. List the prime factors of u.
193
Let r = -25 - -47. What are the prime factors of r?
2, 11
List the prime factors of (30/(-20))/((-6)/68).
17
Let h = -18 - -47. Let m = h - 15. List the prime factors of m.
2, 7
Let a(j) = j**3 + 2*j**2 - j. Let w be a(-2). Suppose w*v = d - 30, -d + 4*d + 2*v = 50. List the prime factors of d.
2, 5
List the prime factors of 8/4 - ((1 - 0) + -45).
2, 23
Let w(n) = -n + 2. Let m be w(0). Suppose 0 = m*k + 2*k - 112. Let l = -15 + k. List the prime factors of l.
13
Let h(g) = -25*g**2 - 1. Suppose -2*l = -2*u + 6, -3*u + 7 = -0*l - l. 